733643?
3
What is the hundred millions digit of 129435913?
1
What is the hundred thousands digit of 152569931?
5
What is the thousands digit of 9231020594?
0
What is the thousands digit of 138656596?
6
What is the ten millions digit of 1849132445?
4
What is the ten millions digit of 1141517735?
4
What is the units digit of 297910299?
9
What is the hundreds digit of 27124072?
0
What is the millions digit of 42692296?
2
What is the millions digit of 285948051?
5
What is the hundred thousands digit of 803247214?
2
What is the millions digit of 527479322?
7
What is the ten thousands digit of 81057?
8
What is the thousands digit of 160267283?
7
What is the ten thousands digit of 337762804?
6
What is the ten thousands digit of 854950635?
5
What is the hundred millions digit of 823257035?
8
What is the units digit of 11438783?
3
What is the thousands digit of 145896352?
6
What is the millions digit of 410607971?
0
What is the millions digit of 2857974869?
7
What is the ten thousands digit of 238337209?
3
What is the hundreds digit of 111422034?
0
What is the thousands digit of 367990256?
0
What is the ten millions digit of 1104680620?
0
What is the ten millions digit of 422052882?
2
What is the hundred millions digit of 1184768325?
1
What is the thousands digit of 33831757?
1
What is the hundreds digit of 58889388?
3
What is the thousands digit of 1751901365?
1
What is the tens digit of 4499552391?
9
What is the hundreds digit of 283211871?
8
What is the units digit of 141893148?
8
What is the hundreds digit of 8342307?
3
What is the thousands digit of 82565038?
5
What is the thousands digit of 3424961597?
1
What is the hundred thousands digit of 236959391?
9
What is the units digit of 8120826?
6
What is the tens digit of 3383294104?
0
What is the billions digit of 9321450206?
9
What is the ten millions digit of 26800238?
2
What is the thousands digit of 566741182?
1
What is the hundred thousands digit of 5075380805?
3
What is the ten millions digit of 761541730?
6
What is the units digit of 73876539?
9
What is the tens digit of 1183476581?
8
What is the hundred thousands digit of 717609937?
6
What is the millions digit of 4811266876?
1
What is the ten thousands digit of 57778510?
7
What is the units digit of 86858817?
7
What is the hundred millions digit of 164435181?
1
What is the hundreds digit of 66971437?
4
What is the hundred millions digit of 1539975102?
5
What is the hundred millions digit of 1024884854?
0
What is the ten millions digit of 3795774941?
9
What is the hundred millions digit of 6436411203?
4
What is the ten millions digit of 40351577?
4
What is the units digit of 85214437?
7
What is the tens digit of 1024905594?
9
What is the ten thousands digit of 1443736830?
3
What is the hundreds digit of 27837351?
3
What is the millions digit of 88643272?
8
What is the thousands digit of 1407011223?
1
What is the hundred thousands digit of 11453230?
4
What is the millions digit of 3615754381?
5
What is the thousands digit of 8295287?
5
What is the millions digit of 1294390918?
4
What is the hundred thousands digit of 28291760?
2
What is the millions digit of 4657073912?
7
What is the thousands digit of 38026957?
6
What is the millions digit of 957496487?
7
What is the ten thousands digit of 856231760?
3
What is the units digit of 1950131642?
2
What is the units digit of 1876374852?
2
What is the ten millions digit of 210711600?
1
What is the units digit of 115648690?
0
What is the units digit of 443918435?
5
What is the ten thousands digit of 91558834?
5
What is the units digit of 20127931?
1
What is the hundred thousands digit of 1712800027?
8
What is the thousands digit of 45651665?
1
What is the thousands digit of 65440559?
0
What is the millions digit of 52453091?
2
What is the ten thousands digit of 536963811?
6
What is the thousands digit of 213297939?
7
What is the tens digit of 368172169?
6
What is the ten thousands digit of 131482089?
8
What is the tens digit of 46900930?
3
What is the thousands digit of 1102774952?
4
What is the tens digit of 1263321?
2
What is the units digit of 1409682924?
4
What is the thousands digit of 917794579?
4
What is the units digit of 32156803?
3
What is the hundred millions digit of 223031377?
2
What is the units digit of 51746998?
8
What is the hundreds digit of 80482229?
2
What is the thousands digit of 311889511?
9
What is the units digit of 139567659?
9
What is the thousands digit of 1355309129?
9
What is the hundred thousands digit of 54090942?
0
What is the hundred millions digit of 374505780?
3
What is the thousands digit of 1025833076?
3
What is the millions digit of 711960327?
1
What is the hundred thousands digit of 24362610?
3
What is the millions digit of 2931660784?
1
What is the units digit of 99159726?
6
What is the tens digit of 123812536?
3
What is the thousands digit of 440649682?
9
What is the ten millions digit of 150749915?
5
What is the ten millions digit of 459796972?
5
What is the units digit of 1220240462?
2
What is the units digit of 73675858?
8
What is the ten thousands digit of 3053896150?
9
What is the ten thousands digit of 14927651?
2
What is the ten thousands digit of 5242756061?
5
What is the millions digit of 41469588?
1
What is the hundred thousands digit of 79816688?
8
What is the hundreds digit of 925214511?
5
What is the units digit of 38201121?
1
What is the billions digit of 1091319416?
1
What is the ten thousands digit of 101965329?
6
What is the millions digit of 18509259?
8
What is the hundred millions digit of 330744113?
3
What is the hundreds digit of 56631016?
0
What is the billions digit of 4087612156?
4
What is the ten thousands digit of 28790481?
9
What is the units digit of 1325135066?
6
What is the ten millions digit of 12498666?
1
What is the tens digit of 77853898?
9
What is the millions digit of 215671668?
5
What is the hundreds digit of 1673562228?
2
What is the hundred thousands digit of 6728519312?
5
What is the hundred thousands digit of 1044166887?
1
What is the hundreds digit of 85832751?
7
What is the thousands digit of 9868033?
8
What is the billions digit of 3297678548?
3
What is the ten thousands digit of 51523628?
2
What is the units digit of 1234798423?
3
What is the thousands digit of 441151056?
1
What is the ten millions digit of 4314937460?
1
What is the hundreds digit of 54863097?
0
What is the hundreds digit of 295687671?
6
What is the tens digit of 152265980?
8
What is the ten millions digit of 656410578?
5
What is the ten thousands digit of 47789285?
8
What is the thousands digit of 122406764?
6
What is the hundreds digit of 1252306414?
4
What is the hundred thousands digit of 9782453?
7
What is the ten millions digit of 219408014?
1
What is the hundreds digit of 715796078?
0
What is the hundred thousands digit of 111701758?
7
What is the millions digit of 20149049?
0
What is the hundred thousands digit of 16228170?
2
What is the millions digit of 46574605?
6
What is the tens digit of 12879850?
5
What is the thousands digit of 197742939?
2
What is the thousands digit of 625794552?
4
What is the hundred thousands digit of 439990743?
9
What is the ten millions digit of 282523986?
8
What is the hundred millions digit of 1853707570?
8
What is the millions digit of 113242874?
3
What is the billions digit of 1471623911?
1
What is the tens digit of 196949524?
2
What is the hundreds digit of 9258769?
7
What is the millions digit of 1253399981?
3
What is the hundred thousands digit of 86586766?
5
What is the hundreds digit of 517697716?
7
What is the ten millions digit of 38315208?
3
What is the ten millions digit of 933465135?
3
What is the billions digit of 1426770370?
1
What is the ten millions digit of 31280988?
3
What is the hundreds digit of 32225335?
3
What is the tens digit of 6342937311?
1
What is the thousands digit of 143366611?
6
What is the ten thousands digit of 768598636?
9
What is the thousands digit of 31764750?
4
What is the units digit of 283166342?
2
What is the thousands digit of 813655582?
5
What is the hundred millions digit of 644579302?
6
What is the tens digit of 2001287369?
6
What is the millions digit of 974032660?
4
What is the hundred thousands digit of 321101404?
1
What is the millions digit of 365163414?